s digit of p/(-10) - (-26)/65?
1
Let j = -20 + 14. Let l be ((-465)/j)/((-1)/(-2)). Suppose 0 = 7*g - 2*g - l. What is the tens digit of g?
3
Let k(g) = -g**2 - 35*g - 79. What is the hundreds digit of k(-28)?
1
Suppose -9568 = -14*z + z. Suppose -5*f = 3*v - z, -6*f + 2*f = -4*v - 576. What is the units digit of f?
6
Let o(p) = 24*p**2 + 8*p + 34. What is the units digit of o(-5)?
4
Suppose 10*x = 9*x + 94. Suppose 8 = 2*q, 0 = -3*i - 3*q - q - 131. Let y = i + x. What is the tens digit of y?
4
Let g be (22 - 6)*(-3)/6. Let f be (g/12)/((-2)/39). What is the tens digit of (0 + -2 - -3)*f?
1
Suppose 297 = 3*i + 4*q - 1678, -5*i = 4*q - 3305. What is the hundreds digit of i?
6
Let o(w) = -w - 13. Let p(g) = -2*g - 27. Let l(b) = -7*o(b) + 3*p(b). Let n be l(-5). Suppose n*u = 143 + 27. What is the units digit of u?
4
Suppose 0 = -4*d - 3*d + 49. Suppose -8*z + 169 = -d*z. What is the tens digit of z?
6
Suppose 0 = 5*h - 2*d + 193, -2 = -2*d - 4. Let x = h - -89. What is the units digit of x?
0
Let r(f) = -27*f + 4. Let o be r(3). Let u = -45 - o. What is the tens digit of u?
3
Let l be (4 - 5)/((-1)/18). What is the tens digit of 798/l + 4/6?
4
What is the hundreds digit of (-2)/(-6) + 721062/486?
4
Let f(s) = -3*s**3 - s**2 - 5*s - 3. Let y be f(-1). Suppose 13*l = -3*t + 9*l + 149, 0 = l + y. What is the tens digit of t?
5
Suppose -120 + 35 = -i. Suppose -25 = 5*g, -5*g + 63 = -5*p + 3*p. Let w = i + p. What is the units digit of w?
1
Let d = 11 + -8. Suppose -d*h - 2*t + 5*t = -450, 4*t = h - 141. What is the tens digit of h?
5
Suppose -92*k = -86*k - 4980. What is the hundreds digit of k?
8
Let t(x) = 16*x + 16. Let n be t(18). Suppose 3*i + 3*u = 483, 2*i - 7*u - n = -3*u. What is the hundreds digit of i?
1
Let f be 43/9 + (-4)/(-18). Suppose -q = -f - 28. Let o = -22 + q. What is the units digit of o?
1
Let v(q) = -q**3 - 5*q**2 - 3*q - 5. Let u be v(-4). Let d be (-1)/(((-6)/u)/(-2)). Suppose 50 = d*m - 34. What is the units digit of m?
8
Let f(s) = 51*s + 3. Suppose -d + 5 = n, 3*d - d - 7 = n. What is the tens digit of f(n)?
5
Let g = 2 - -10. Suppose 3*i - g = 15. What is the tens digit of ((-6)/i)/((-1)/60)?
4
Let q = -41 + 69. What is the units digit of q?
8
Suppose -5*u - 27 + 7 = -5*d, -3*u = -2*d + 12. Let k = u - -27. What is the units digit of k?
3
Let h(w) be the third derivative of w**4/8 - 4*w**3 - 4*w**2. Let j be h(8). Suppose 3*o = 2 + 10, -b - 4*o + 18 = j. What is the units digit of b?
2
Let y = 17 + 15. Suppose 0 = 27*d - y*d + 250. What is the tens digit of d?
5
Let j(d) = 11*d**2 - 34*d + 24. What is the units digit of j(11)?
1
Let l(k) = 2*k**2 - 17*k + 4. What is the hundreds digit of l(-15)?
7
Suppose -3*p + 15 = 3*q, 5*q - q = -5*p + 29. Let v = -58 - -78. Let m = v - p. What is the tens digit of m?
1
Suppose -3*r - 114 = -0*r. Suppose -414 = -13*j + 4*j. Let u = j + r. What is the units digit of u?
8
Let z(t) = -3*t - 7. Let m(r) = r**3 + 3*r**2 - 8*r - 6. Let v be m(-5). What is the units digit of z(v)?
1
Let p = 78 - -575. What is the tens digit of p?
5
Let k(p) = -13*p**3 + 8*p**2 + 0*p**2 - 4*p + 14*p**3 - 5. What is the units digit of k(-8)?
7
Let f(p) = p - 59. Let i(g) = -g + 60. Let c(y) = 6*f(y) + 7*i(y). Let h be c(0). What is the units digit of (-6)/(-15) + h/10?
7
Let j(z) = z**3 - 5*z**2 - 8*z - 6. Let b be j(8). Suppose 515 = 3*m + b. What is the tens digit of m?
3
Suppose 0 = 2*s - 10 + 2. Let c be -3*(s + -8 + -1). Suppose -f + 2*f + 11 = r, 0 = -r - f + c. What is the units digit of r?
3
Suppose 0 = 5*w + 5 - 20. Suppose 3*x + 5*m = 607, -x - 3*m = -w*x + 392. Suppose q + 4*h - 44 = -h, x = 4*q - 3*h. What is the units digit of q?
9
What is the tens digit of (188/8)/((-1)/(-10))?
3
Let d(c) be the second derivative of c**5/20 + 13*c**4/6 + 8*c**3/3 - 19*c**2/2 + 16*c. What is the units digit of d(-25)?
6
Let p be 2/(-8) + 17910/24. Let v be 16/56 + p/(-14). What is the tens digit of 2/2 + (-2 - v)?
5
Let i(c) = c**3 + 15*c**2 - 18*c + 16. Let s = 5 - 21. What is the units digit of i(s)?
8
Suppose 5*v = -4*t + 4, -v + 0 = -3*t + 3. Let c = t + 17. Let w = 25 - c. What is the units digit of w?
7
Suppose x + 2*x - 5*c - 34 = 0, -5 = c. Suppose -j - x*j = 0. Suppose -2*z + 46 = -j*z. What is the tens digit of z?
2
Suppose -5*h + 3*j = -8632, h - 363 = -2*j + 1366. What is the tens digit of h?
2
Suppose 53*m - 38*m + 270 = 0. Suppose -r + 5*l = -3*r + 79, 0 = r + l - 32. Let i = r + m. What is the units digit of i?
9
Let j(o) = -o**2 + 26*o - 21. Suppose 0*y = y - 19. What is the units digit of j(y)?
2
Let q(o) be the third derivative of o**4/8 - o**2. Let l be q(1). Suppose -3*j + 4*g - 13 = -113, -5*j - l*g = -186. What is the units digit of j?
6
Let q be 24/(-228) - 59/(-19). Suppose -p - 10*v + 194 = -9*v, q*p = 2*v + 572. What is the hundreds digit of p?
1
Suppose -2*t = -8, -4 = l - 3*t + 21. Let u = -13 - l. Suppose 3*h + 4*w - 42 = u, 4*h - 86 = -w - 17. What is the units digit of h?
8
Suppose -4*l + 5*o + 17197 = 2*o, 2*o + 4293 = l. What is the units digit of l?
3
Let l be (2 - 5)/(9/(-519)). Let q = l - 92. What is the units digit of q?
1
Suppose 0*h - 2*h = -8. Let j(f) = -f**2 + 4*f - 10. Let v(l) = l**2 - 5*l + 11. Let q(t) = -3*j(t) - 2*v(t). What is the tens digit of q(h)?
1
Let b(o) = 15*o - 13*o - 3 + 3. Suppose 1 = -v + 8. What is the units digit of b(v)?
4
Let m(x) = x**3 - 12*x**2 + 2*x + 23. What is the tens digit of m(12)?
4
Let d = -5 + -17. Let n = -18 - d. Suppose 5*b - n*k - 15 = 0, b = -3*b + 5*k + 12. What is the units digit of b?
3
Suppose 4*h - 5*b = 0, 3*b + b = 4*h. Suppose 2*n = -h*n. Suppose n*t + t = 18. What is the tens digit of t?
1
Let u = 70 - 36. Suppose -5*y - 154 + u = 0. What is the units digit of ((-22)/6)/(4/y)?
2
Let x be 15/30*(1 + -1). Suppose x = -4*w - 4*g + 3*g + 1556, 5*w - 1954 = g. Suppose 7*n - 51 = w. What is the tens digit of n?
6
Let z = -4594 - -8637. What is the tens digit of z?
4
Suppose 16*j = 2*j + 12110. What is the units digit of j?
5
Let u = -23 - -43. Let v = u + -13. What is the units digit of v?
7
What is the hundreds digit of (31344/56)/(4*3/42)?
9
Let t(r) = -r**2 - 12*r - 7. Let s be t(-11). Suppose s*i + 5*n = 76 + 30, 2*i - 2*n = 62. What is the tens digit of i - (-4 + 1)*1?
3
Let i be 2/2*(5 + (-40)/5). Let r(p) = -2*p**2 - 15*p - 8. Let z(f) = f**2 + 7*f + 4. Let y(c) = 6*r(c) + 13*z(c). What is the units digit of y(i)?
0
Let j = 0 + 10. Let i be 0*(-5)/j + 1. What is the tens digit of ((-10)/6 + i)*-18?
1
Let c(r) be the second derivative of -r**5/20 + 5*r**4/6 - 5*r**3/3 + 9*r**2/2 - 24*r. What is the tens digit of c(8)?
5
Let z = -106 - -414. What is the units digit of (-51)/(-34)*(z/3)/2?
7
Let d(v) = 25*v**2 + 14*v + 6. What is the units digit of d(-6)?
2
Suppose -4*j - 5*m = -6, -j = -2*j - 2*m + 3. What is the tens digit of -120*(-14)/21 - (-2)/j?
7
Suppose 0 = 182*v - 191*v + 2430. What is the tens digit of v?
7
Let q(j) = -7*j**2 - 2*j + 1. Let v be q(1). What is the units digit of ((-52)/(-3))/(v/(-36))?
8
Let c = -340 + 1406. What is the units digit of c?
6
Suppose -4*y + 6 = -y. Let q be (-3 - -5)*(-7)/y. What is the units digit of (-44)/q + 2/(-7)?
6
Let c = -325 - -570. What is the units digit of c?
5
Suppose 5*i + 70 = 4*w, -4*i + 0*w + 5*w - 56 = 0. Let d(m) = -4*m - 47. What is the units digit of d(i)?
9
Let c be (-360)/(-25) + 2/(-5). Suppose -2*p - 8 = -g, 2*g - c = 3*p - 1. Suppose -4*o + 50 = g. What is the tens digit of o?
1
What is the hundreds digit of 1414/6 - 52/78 - 1?
2
Let f = 58 + -271. Let x = f - -300. What is the units digit of x?
7
Let i = -112 + 59. Let q = i + 23. What is the units digit of q/(-2) + (-4 - -6)?
7
Let a = -267 - -276. Let t = 134 - 84. Suppose t = 2*d + z + z, 3*z - a = 0. What is the tens digit of d?
2
Suppose -3*s + 138 = -3*v, 2*v - 12 = -v. What is the tens digit of s?
5
What is the units digit of ((-1)/((-6)/1299))/(2/12)?
9
Suppose -k - 6 = -3*k - y, 0 = 5*y. Suppose 190 = m + m - 4*c, -283 = -k*m + 4*c. What is the tens digit of m?
9
Let s(o) = -4*o**3 + 3*o**3 + 6*o - 64 + 12*o**2 + 81. What is the units digit of s(12)?
9
Let g(q) = -129*q - 311. What is the hundreds digit of g(-11)?
1
Let l = -179 + 737. What is the tens digit of l?
5
What is the units digit of